4*i. Calculate the highest common divisor of k and 15.
15
Let f be (-7 + 1)*(-95)/30. Suppose -4*t = -2*p + 67 - f, -87 = -4*p - t. What is the highest common factor of 11 and p?
11
Suppose 0 = -3*m - 12 + 78. Let b = 23 - m. Let v = b - -14. What is the highest common divisor of v and 105?
15
Let y(g) = -g**2 + 9*g - 16. Let a be y(4). What is the highest common divisor of a and 356?
4
Let t be (8/(-4))/(-3 + 1). Let q = t + 27. Let l(o) = -42*o. Let b be l(-2). What is the highest common divisor of b and q?
28
Suppose 3*j - 16 = -4. Suppose -4*s - 156 = -2*n, j*n + 4*s = n + 204. Calculate the highest common divisor of 180 and n.
36
Suppose 0 = -3*t + 4*x, -4*x + 22 = 10. What is the highest common divisor of t and 164?
4
Let i = -29 + 3. Suppose -p = -24 - 3. Let w = i + p. What is the highest common divisor of w and 4?
1
Let b be ((-18)/(-21))/((-1)/(-504)). Calculate the greatest common factor of b and 54.
54
Let f(l) = 7*l**3 - 2*l + 1. Let j be f(1). Suppose -3 = -2*u + 5. Let w = 8 - u. What is the greatest common divisor of j and w?
2
Let z be 33/(-22)*(-3 - (1 - -38)). Let d(a) = a**3 - 6*a**2 + 6*a + 4. Let p be d(5). Calculate the greatest common factor of z and p.
9
Suppose 5*l = 3*l. Let p(m) = -m**2 + m + 62. Let s be p(l). Let r be (-7)/14 + s/4. What is the highest common factor of r and 75?
15
Suppose -2*n = 109 - 525. Suppose -3*f = -a - 50, -2*f = -0*f - 2*a - 36. What is the greatest common divisor of f and n?
16
Let d = 53 + -48. Let y = d - 3. What is the greatest common factor of y and 6?
2
Let z be (-2)/(-17) + (-36)/306. Suppose -4*y + 249 + 71 = z. Suppose -4*p + 160 = -y. What is the highest common factor of 20 and p?
20
Suppose -32 = -4*t - 4*u, 4*t - 16 = -2*u + 22. Let c = 6982 - 6981. What is the highest common factor of t and c?
1
Let x(f) = 113*f + 561. Let w be x(15). What is the highest common divisor of w and 96?
48
Let i = 1 + 1. Let o(w) = w**3 - 8*w**2 - 8*w + 5. Let n be o(9). Suppose 9*j - n - 4 = 0. What is the greatest common divisor of j and i?
2
Let u be 1/(((-6)/(-2))/165). Suppose f - u = -1. Suppose -24 - 84 = -3*v. What is the greatest common factor of f and v?
18
Let r be (-4 - 1040/(-35)) + (-8)/(-28). Calculate the greatest common factor of 702 and r.
26
Let c be (15 + -8 + -6)*5*209. Suppose 17*d - c = 12*d. Calculate the greatest common divisor of d and 11.
11
Let f be 7*1 - (-5 + 4). Let q be (-6)/(3/((-6)/4)). Suppose -y + f = -q. Calculate the highest common divisor of y and 22.
11
Let p be 8/2 + 3/(-6)*-14. Let a(d) = 2*d**2 + 1. Let l be a(5). Let s = -7 + l. Calculate the highest common divisor of p and s.
11
Suppose -15 = 3*i, 2*i = -5*n + i + 270. Calculate the highest common factor of 176 and n.
11
Let g(f) = f**2 - f + 363. Let h be g(0). Suppose -h - 447 = -9*m. Calculate the highest common factor of m and 60.
30
Suppose -316 = -2*o - 6*g + 9*g, -4*g - 476 = -3*o. What is the greatest common divisor of o and 28?
4
Let o = -435 - -471. Calculate the highest common divisor of o and 132.
12
Let z = 223 + -150. Suppose -4*u = -79 - z. Let r = u - 26. Calculate the highest common divisor of r and 3.
3
Let x be (2/(-4))/((-545)/180 + 3). What is the greatest common divisor of 99 and x?
9
Suppose 46 = s + x, -4*s = -4*x - 181 - 11. What is the highest common factor of 188 and s?
47
Let a(d) = 115*d + 7839. Let l be a(-68). Let n(m) = -3*m**3 + 4*m - 5. Let p be n(-4). What is the highest common divisor of p and l?
19
Let l(c) = -c + 26. Let o be l(8). Suppose 3*z + 7 + 14 = 0. Let f = 9 + z. Calculate the greatest common factor of f and o.
2
Let h be (-2)/(-8) - (-19)/4. Let m be 99/44 + 2/(-8). Suppose 2 + 38 = m*k. Calculate the highest common divisor of h and k.
5
Let k = 15 - -19. Suppose -p + 7 = -0*p + 3*o, -4*o = -3*p + k. What is the greatest common divisor of 80 and p?
10
Suppose 0 = -5*a - 4*q + 11, 1 = -4*a - 5*q + 8. Suppose 9*z - 221 = -32. Calculate the greatest common divisor of z and a.
3
Let n be 11 - 9 - (-41 - 1). Let s be (n/(-10))/((-2)/10). Let w be 268/s - 6/33. What is the highest common divisor of 48 and w?
12
Suppose 0 = -2*g - 4*f - 4, -g = -6*g - 2*f - 2. Suppose 2*m + 30 + 2 = g. Let t be (-8)/m + 638/4. What is the highest common factor of 20 and t?
20
Let x(s) = -2*s + 12 + 3*s + s - 3*s. Let c be x(10). Suppose -19 = -c*j + 23. Calculate the highest common divisor of j and 21.
21
Let k(y) = -14*y + 6 + 4*y**2 + 13*y - 4*y. Let c be k(2). Calculate the highest common factor of c and 60.
12
Suppose -4*f + 241 = -3*d, 6 + 231 = -3*d + 3*f. Let w = d - -115. What is the highest common factor of 5 and w?
5
Suppose -2*q = 5*q - 294. Let o be (-2 + -4)/(125/35 + -4). Calculate the greatest common factor of o and q.
14
Let s be 76/95*(-45)/((-3)/1). Let u(f) = -f**2 - 7*f + 8. Let g be u(-7). What is the highest common factor of g and s?
4
Suppose 4*r = 5*p - 3, 3*r + 5 = -2*p + 20. Let b be 1/3 - (-20)/r. Let y be 2/b - 939/(-21). What is the greatest common factor of 15 and y?
15
Let w = 148 - 134. Calculate the highest common divisor of 735 and w.
7
Let r(q) = -q + 85. Let a be r(-11). Calculate the highest common divisor of 312 and a.
24
Let f = 39 + 33. Calculate the greatest common divisor of 54 and f.
18
Let b(r) = -12*r - 66. Let j be b(-9). Calculate the greatest common factor of j and 378.
42
Suppose -y = -3*o - 14, 2*y + 35 = 4*y + o. Let s = y + -13. Suppose -p + 12 + 35 = 3*n, 3*n + s*p = 62. Calculate the greatest common divisor of n and 112.
14
Let p be 1/(((-6)/(-420))/1). What is the highest common divisor of 50 and p?
10
Let g be 1/1 + (1 - 0). Let u(o) = 10*o**2 + 2*o. Let a be u(g). Let x = 44 - -22. What is the greatest common divisor of x and a?
22
Let b(x) = x**3 - 20*x**2 + 54*x - 40. Let m be b(17). Suppose -5*t + 4*t + 6 = 0. Let j be 64/3 + 4/t. Calculate the highest common divisor of m and j.
11
Let r = -477 + 553. Calculate the highest common factor of r and 266.
38
Let i be (-2)/(-4) + (-72)/(-16). Suppose 3*j - 66 = 3*z, 82 = -i*z - 5*j + 3*j. Let g be (-130)/z - 2/9. Calculate the greatest common divisor of 21 and g.
7
Suppose 7*f = 2*f + 220. Suppose 7*h - 12 - f = 0. What is the greatest common divisor of 12 and h?
4
Let w = -38 + 73. Suppose 224 = 5*k - k. Suppose 2*d + 2*d = k. Calculate the highest common factor of d and w.
7
Let h(a) = a**3 + 24*a**2 - 5*a - 53. Let l be h(-24). Calculate the greatest common divisor of 67 and l.
67
Suppose 2*l + 85 = -5*v, -3*v - 2*l + 4*l = 35. Let f = v - -21. Let q(w) = -w + 3. Let j be q(-6). What is the greatest common divisor of j and f?
3
Let f be 7*10/(-18)*-9. What is the greatest common factor of 28 and f?
7
Let r = -523 + 1249. Let y = 1046 - r. Calculate the highest common factor of y and 32.
32
Suppose -3*k + 97 = 2*u, 3*u - 18*k - 144 = -21*k. Calculate the greatest common factor of u and 517.
47
Let k be -93 - -4 - (2 - 3). Let o be (k/(-4))/((-1)/(-4)). What is the greatest common factor of 8 and o?
8
Let x be (-5)/2*(13 + -10 + -105). Calculate the greatest common divisor of x and 425.
85
Let r be (-5 - 85/(-10))*-10. Let s = r - -43. Let p(n) = n**3 + 3*n**2 - 3*n + 2. Let g be p(2). Calculate the highest common divisor of g and s.
8
Let p be ((-2)/(-4))/(21/126). What is the highest common factor of 15 and p?
3
Suppose 5*g - 10060 = -5*v, 0 = -8*v + 7*v + 3*g + 2020. What is the greatest common factor of v and 106?
106
Let j(y) = -y**2 - 8*y - 3. Let b be j(-6). Suppose b*s - 110 = 4*s. What is the greatest common divisor of s and 33?
11
Let r be -6 + (-78)/(6/(-3)). Calculate the greatest common divisor of 55 and r.
11
Let x be (-9904)/(-14) + (-36)/(-63). What is the highest common divisor of 24 and x?
12
Let k be ((-32)/(-10))/(7/35). Let m be k + -12 - 43/(-1). What is the highest common factor of 141 and m?
47
Let r(g) = 7*g**2 + 2*g + 1. Let o be r(-1). Suppose -o = n - 8. What is the highest common factor of n and 16?
2
Suppose -2*k = 5*n - 204, -2 = 4*k + 10. Let w be (n/(-28))/((-3)/148). Calculate the greatest common factor of w and 37.
37
Let r(s) = -s**3 - 6*s**2 - 7*s - 10. Let m be r(-5). Suppose 4*o - 12 = m, -f + 5*f - 28 = 4*o. Calculate the highest common factor of 70 and f.
10
Let k be 4 + 3/(9/3). Let s = 2237 - 2232. What is the highest common fac